0*s + 4*t - 914. Calculate the highest common factor of 806 and s.
31
Let c = -11510 - -11533. What is the greatest common divisor of 15893 and c?
23
Suppose 5*d = -5*l + 55, -210*d = -215*d + 5*l + 25. Calculate the highest common factor of d and 1606.
2
Let t(k) = 565*k - 505. Let c be t(1). Calculate the greatest common factor of c and 2916.
12
Suppose -5*d + 4*g = 5*g - 1483, -2*d + 2*g + 598 = 0. Let j be 32054/d - 4/(-54). What is the greatest common divisor of j and 594?
54
Let u(k) be the third derivative of 5/12*k**4 + 0*k - 5/6*k**3 + 0 - k**2. Let h be u(7). What is the greatest common factor of h and 13?
13
Let g(m) = -m**3 + 35*m**2 - 176*m + 4829. Let c be g(34). Let u(p) = 4*p**2 - 3*p - 3. Let z be u(-4). Calculate the highest common factor of z and c.
1
Let z be 1/((-87)/(-117) + 2/(-3)). Let x be 15/3*(-6)/(-5). Let j be (21/x)/(2*(-1)/(-52)). What is the greatest common factor of j and z?
13
Let u(d) = 50*d + 212. Let g be u(7). Let r = -520 + g. Calculate the greatest common factor of 30 and r.
6
Suppose 0 = 5*a - 4*x - 152, -4*a + 9*x + 179 = 14*x. Calculate the highest common divisor of 4518 and a.
18
Let z be ((1 + -1)/(-6))/3. Suppose z = -8*h - 11*h + 722. What is the greatest common factor of h and 133?
19
Suppose -4 = -2*k - 13*i + 9*i, 4*k = 2*i + 28. Suppose k*q + 134 = 8*q - 5*r, 0 = 3*r - 12. Calculate the highest common divisor of q and 847.
77
Suppose -4*x + 106 = -74. Let y be (7 + -9)/(4/(-30)). Calculate the greatest common factor of x and y.
15
Let d be (5 + 711)/((-2)/3*(-52)/104). What is the highest common divisor of 24 and d?
12
Let h = -93 - -110. Suppose -12*y = -h*y + 275. Let s = y + -44. What is the greatest common factor of 77 and s?
11
Suppose -5*z = -x + 83, 3*x - 114 = x - 3*z. Let b = -1742 - -1068. Let d = b + 716. Calculate the highest common divisor of d and x.
21
Suppose -9*t + 66*t - 4341 = 104187. What is the greatest common divisor of 24 and t?
8
Let c = 12381 + -4797. What is the highest common divisor of 12 and c?
12
Let q(b) = -21*b**3 + 2*b**2 - b - 9. Let n be q(3). Let g = -318 - n. Suppose z - 54 = -27. Calculate the highest common factor of g and z.
27
Suppose 0 = -52*w + 55*w + 2*p - 197, p = -4*w + 271. What is the highest common divisor of 69 and w?
69
Let l = 100911 + -49307. Let t be l/68 - 2/(-17). What is the highest common factor of t and 33?
33
Let a be 13 - (13*1 - (2414 - -46)). Calculate the highest common factor of 2624 and a.
164
Suppose -3*y + 78 = a, -3*y - 15 + 237 = 3*a. What is the highest common divisor of 5208 and a?
24
Let h be (-130)/4*6408/(-890). What is the highest common factor of 66 and h?
6
Let w be -4 - -1 - (-122 - 1). Let v(l) = -l + l**3 + 2*l - 6*l - 2*l + 12. Let j be v(4). Calculate the greatest common divisor of w and j.
24
Let y = -20 - -75. Suppose -4*b - 2*z = -2*b - 30, 5*b - 3*z = 43. What is the highest common divisor of b and y?
11
Let l(u) = 3*u**3 + 9*u**2 + 11*u - 16. Let s be l(-5). Let n = s + 426. Let g(f) = 9*f + 5. Let w be g(4). What is the highest common factor of n and w?
41
Let w be (-132146)/(-26) - 414/(-897). What is the greatest common divisor of 897 and w?
299
Let l be (-3)/(7/4802*((-48)/4)/2). What is the highest common factor of l and 154?
7
Let o be (4*-21)/((-60)/210). Suppose -3*n + 1460 = 5*r, -22*n + 27*n - 2458 = 4*r. Calculate the greatest common divisor of n and o.
98
Suppose -y = 3*s - 199 - 27, s + 2*y = 82. Calculate the highest common factor of 2997 and s.
37
Let w be (540/(-192) - (-6)/96)*(-280 - 0). What is the greatest common factor of w and 42?
14
Suppose -5*i + 4*m + 12 = 0, 363*m - 365*m = 4*i - 20. Let g be 1 + 35 - (1 + -1). Calculate the greatest common divisor of g and i.
4
Let w(d) = -58*d - 4. Let c be 2*1/3*(0 + -6). Let t be w(c). What is the highest common divisor of 57 and t?
57
Let x(s) = 148*s**2 - 5*s + 14. Let f be x(3). What is the greatest common divisor of 77 and f?
11
Suppose 12*w - 32 = 76. Let g be (2 + 1)*(-3)/w. Let p be g/(4/(-144)*1). What is the highest common divisor of 9 and p?
9
Suppose 798 - 564 = 117*f. Calculate the highest common factor of 4954 and f.
2
Let y be 33292/35*(1 + (-182)/(-28)). Calculate the highest common divisor of 18 and y.
6
Let n = 69 - 69. Let k = n - -413. Suppose -2*m + 2*b - k = -1211, -9 = 3*b. What is the highest common factor of 44 and m?
44
Let j be -1 - (2 + (-11 - -2)). Let m be ((-4180)/50)/(-11) + (-4)/(-10). Suppose -34 = m*a - 58. What is the highest common divisor of a and j?
3
Let d = -23141 - -23685. Calculate the highest common factor of d and 1312.
32
Let o = -210 - -299. Let b be 5/(-2 - o/(-44)). Let h be b/6 - 4/6. What is the highest common factor of h and 9?
9
Let i be (-2260)/(-8)*((-2)/(-5))/((-24)/(-72)). What is the highest common factor of 5537 and i?
113
Let d be (-4182)/(-170) + 3/(-5). What is the highest common divisor of 736 and d?
8
Let d be 1/(168/(-54) + 3). Let h be (224/(-12) - d)*3/(-1). Let b = 166 - 79. Calculate the highest common factor of b and h.
29
Let p be (1 - 0)/((-12)/(-204)). Suppose 4*g + 8 = 4, -5*c = -2*g - p. What is the highest common divisor of 5 and c?
1
Suppose -178 = 4*p - 6*p + 5*u, 0 = 4*p - 2*u - 404. Calculate the highest common divisor of 1196 and p.
52
Let c be (-6908)/(-12)*-24*(-3)/8. What is the greatest common divisor of c and 33?
33
Suppose -w - 16 = -2*j, -2*w + 80 = -7*w + 3*j. Let b(x) = -x**2 - 21*x - 24. Let v be b(w). What is the highest common factor of v and 98?
14
Let d = -17549 + 17556. What is the highest common factor of 15 and d?
1
Let s(b) = 2*b**2 - 2*b - 60. Let z be s(6). Suppose -6*x - 95 + 287 = z. Let i = 119 - 71. Calculate the greatest common divisor of x and i.
16
Suppose 0 = -76*w + 70*w + 18. Let v be ((-14)/w - -6)/(12/27). Let g be (18 - 0)/(3/2). Calculate the highest common factor of v and g.
3
Let k(o) = o**2 - 7*o - 9. Let t be k(6). Let l be (56/10)/((-3)/t). Suppose -2*g + 336 = 4*g. What is the highest common divisor of g and l?
28
Let j = 21786 + -19348. Calculate the greatest common factor of 207 and j.
23
Let b be 2/(2 + 4) + (-1534)/(-177). Let a be 1326/b*30/20. Calculate the highest common factor of 17 and a.
17
Suppose -866*b + 863*b + 3 = 0, -4237 = -2*y + 5*b. Calculate the greatest common divisor of y and 42.
21
Suppose 6*u + 19990 + 26309 = 29*u. What is the highest common factor of 99 and u?
33
Let k(h) be the second derivative of -4*h**3/3 + 171*h**2/2 - 26*h + 3. Let x be k(20). Calculate the greatest common divisor of x and 88.
11
Suppose 410*r - 4971031 - 3804199 = 0. Calculate the highest common factor of 51 and r.
17
Suppose -90 = -0*c - 5*c. Let p be (c/(-12))/((-6)/40). Suppose j + p = 2*j. Calculate the greatest common factor of 70 and j.
10
Suppose 0 = -15*p + 13*p + 406. Let c = p + 192. Let y = c + -197. Calculate the highest common divisor of 22 and y.
22
Suppose 7*f - 170 = -1941. Let t = -193 - f. What is the highest common factor of t and 4?
4
Let p(w) = -4*w**3 + 31*w**2 + 21*w + 57. Let z be p(9). Let t(m) = 198*m - 3. Let o be t(3). Let f = z + o. What is the highest common divisor of f and 48?
48
Suppose 233714 - 42546 = c + 15*c. What is the highest common factor of c and 232?
116
Suppose -2236 = 7*i - 2264. Let y(j) = -j**3 - 5*j**2 - 4*j + 5. Let w be y(-4). Calculate the greatest common divisor of w and i.
1
Let f = 226 + 48. Let c = -254 + f. Let p be (-3076)/(-14) - (-2)/7. What is the greatest common divisor of p and c?
20
Let h = 162 + -158. Suppose f - 287 = -3*l, -f + 361 = h*l - 22. Let t = 105 - 73. Calculate the greatest common divisor of l and t.
32
Suppose -24 = -5*n + 21. Suppose -9 = -9*o + n. Let z be (o/(-2))/((-3)/15). Calculate the highest common divisor of 45 and z.
5
Let m be -12*(-1 + 3 - (-175)/(-15)). Let h(b) = 40*b - 470. Let r be h(19). Calculate the highest common divisor of r and m.
58
Let i(n) = 53*n**2 - 23*n + 767. Let g be i(8). Calculate the greatest common divisor of 2120 and g.
265
Suppose -114*i + 5*c + 524 = -110*i, -2*c = -2*i + 264. Calculate the highest common factor of i and 918.
34
Suppose 0 = 4*z + 40*b - 43*b - 240, 201 = 3*z + 3*b. Calculate the highest common divisor of 468 and z.
9
Suppose -5*w + 1625 = 4*k, 551 = k - 4*w + 129. Let l be (4/8)/(5/k). Let m = 